*k - 559. Calculate j(-26).
-13
Let g(i) = -i**3 - 10*i**2 - 15*i + 29. Give g(-7).
-13
Let x(a) = -3*a**2 + 85*a + 574. Determine x(34).
-4
Let z(m) = 2*m - 6. Calculate z(13).
20
Let n(m) = -26*m - 142. Determine n(-5).
-12
Let m(z) = z**3 + 12*z**2 + 23*z + 22. What is m(-10)?
-8
Let i(w) = w**3 + 3*w**2 - w - 2. Give i(-3).
1
Let t(r) = r**3 + 1. Calculate t(-2).
-7
Let w(c) = 6*c**2 - 2. Give w(1).
4
Let m(w) = 2*w - 11. What is m(13)?
15
Let g(u) = -3*u**2 - u + 2. Give g(1).
-2
Let r(f) = -2*f**2 - 3*f - 4. Give r(-8).
-108
Let s(r) = r + 2. What is s(19)?
21
Let g(k) = -2*k**3 - 35*k**2 - 15*k + 22. What is g(-17)?
-12
Let t(y) = -y**2 - 33*y + 66. Give t(-35).
-4
Let u(k) = k**3 - 3*k**2 - 7*k - 6. Calculate u(6).
60
Let i(h) = h**2 + 5*h - 4. What is i(-4)?
-8
Let w(a) = a**3 + 4*a**2 - 8*a - 7. What is w(-6)?
-31
Let k(p) = p**3 - 10*p**2 - 6. What is k(10)?
-6
Let x(d) = 2*d**3 + 19*d**2 + 37*d. Determine x(-3).
6
Let p(u) = -63*u - 123. Determine p(-2).
3
Let t(n) = -n**3 - 10*n**2 - 3*n - 7. Determine t(-10).
23
Let p(y) = -y**3 - 11*y**2 + 12*y - 4. Give p(-12).
-4
Let s(v) = v**2 - 16*v - 26. Determine s(17).
-9
Let g(c) = c**2 + 13*c - 29. Determine g(-17).
39
Let j(p) = -6*p**3 + p - 1. Determine j(1).
-6
Let a(k) = 2*k**3 + k**2 - 5*k + 5. Give a(2).
15
Let m(s) = 4*s + 12. What is m(-10)?
-28
Let c(g) = -2*g + 2. What is c(-10)?
22
Let m(g) = 2*g - 2. What is m(8)?
14
Let b(a) = -a**2 - 20*a - 27. Determine b(-18).
9
Let n(o) = -2*o**3 + 22*o**2 - o + 7. Give n(11).
-4
Let o(g) = -5*g + 4. What is o(-2)?
14
Let u(a) = -5*a**3 - a**2 - a - 1. Give u(-1).
4
Let n(g) = -g**3 + 6*g**2 + 8*g - 31. What is n(7)?
-24
Let p(r) = r**2 + 7*r + 2. Determine p(-5).
-8
Let c(y) = 20*y + 70. Calculate c(-4).
-10
Let v(b) = 3*b + 7. What is v(5)?
22
Let a(w) = -22*w**3 - w**2 + 2*w + 2. Give a(-1).
21
Let g(x) = -7*x + 29. Calculate g(9).
-34
Let s(p) = p**3 - 8*p**2 + 6*p - 6. Determine s(7).
-13
Let d(i) = -i + 7. Determine d(6).
1
Let q(g) = -2*g - 16. Give q(0).
-16
Let g(d) = -2*d - 2. Give g(0).
-2
Let y(f) = f**2 - f - 2. Calculate y(-7).
54
Let w(u) = 2*u**2 - 5*u + 1. Give w(-5).
76
Let g(b) = -b**3 - 12*b**2 - 11*b + 11. What is g(-11)?
11
Let g(l) = 3*l**2 - 2*l - 23. Determine g(0).
-23
Let l(t) = -t**3 - 2*t**2 + 6*t - 2. Calculate l(-5).
43
Let o(p) = -p**2 + p + 4. Give o(3).
-2
Let l(y) = -y**3 - 9*y**2 - 9*y - 9. Give l(-7).
-44
Let i(g) = -g**2 + 12*g + 6. Give i(0).
6
Let d(m) = -15*m - 170. Calculate d(-11).
-5
Let d(r) = 6*r + 15. Give d(-4).
-9
Let p(a) = -12*a**3 + 2*a - 2. Determine p(1).
-12
Let g(t) = 6*t + 109. What is g(-14)?
25
Let o(j) = j**3 + 8*j**2 + 15*j + 13. Give o(-6).
-5
Let k(f) = -43*f + 211. What is k(5)?
-4
Let n(j) = 2*j**2 - 34. Determine n(-5).
16
Let f(z) = -z**2 + 2*z - 14. Determine f(6).
-38
Let b(f) = f**3 + 48*f**2 + 50*f + 135. What is b(-47)?
-6
Let l(x) = -38*x + 23. Calculate l(3).
-91
Let h(o) = o**2 + 3*o - 15. Calculate h(4).
13
Let n(o) = -2*o + 38. What is n(14)?
10
Let l(h) = -28*h + 91. Calculate l(3).
7
Let l(n) = 32*n**2 - 5*n. Calculate l(-1).
37
Let u(a) = -a**2 - 12*a - 8. Determine u(-11).
3
Let k(x) = -x**2 - 23*x + 36. What is k(-24)?
12
Let u(x) = 7*x - 5. Give u(4).
23
Let j(q) = 2*q**2 + 10*q - 6. Determine j(-5).
-6
Let b(g) = 3*g - 3. Determine b(-1).
-6
Let g(h) = 2*h**2 + 22*h - 6. Determine g(-12).
18
Let t(v) = v**3 - 3*v**2 - v + 5. Determine t(4).
17
Let x(p) = p - 9. Determine x(6).
-3
Let n(v) = 12*v - 5. What is n(-2)?
-29
Let z(q) = -q**3 + 32*q**2 - 59*q - 34. Determine z(30).
-4
Let o(b) = -7*b - 77. Give o(-16).
35
Let y(x) = 7*x + 28. Determine y(-3).
7
Let d(g) = 2*g**2 + 17*g - 14. Determine d(-7).
-35
Let k(m) = -10*m - 133. Calculate k(-14).
7
Let d(v) = 19*v - 6. Calculate d(-1).
-25
Let o(r) = 3*r + 21. Calculate o(-14).
-21
Let t(h) = -2*h**2 + 81*h + 41. Give t(41).
0
Let d(p) = -2*p - 67. What is d(-17)?
-33
Let y(r) = -2*r**3 - 59*r**2 + 32*r + 59. Calculate y(-30).
-1
Let j(m) = -18*m - 2. Determine j(-1).
16
Let o(m) = -m**3 - 7*m**2 - 4*m. Give o(-5).
-30
Let a(w) = w**2 + 6*w + 8. Determine a(-6).
8
Let f(r) = r**3 + 4*r**2 - 8*r - 8. Calculate f(-5).
7
Let n(z) = -7*z + 20. Give n(7).
-29
Let m(i) = -14*i - 83. What is m(-6)?
1
Let q(g) = -2*g**2 - 2*g + 7. Give q(-5).
-33
Let k(g) = 3*g**2 - 27*g + 58. What is k(7)?
16
Let o(m) = 22*m - 1019. Give o(46).
-7
Let j(o) = -o**3 - 9*o**2 - 3*o - 15. What is j(-8)?
-55
Let v(z) = -4*z**2 - 60*z - 3. What is v(-15)?
-3
Let l(d) = -d**2 - 29*d - 102. Give l(-24).
18
Let h(c) = 10*c + 225. Calculate h(-17).
55
Let w(g) = -g + 10. Give w(5).
5
Let o(t) = t - 1. What is o(0)?
-1
Let s(y) = -9*y + 139. Give s(15).
4
Let c(z) = 16*z + 39. Determine c(-3).
-9
Let a(i) = -i**2 - 32*i + 29. What is a(-33)?
-4
Let l(x) = -4*x**3 + x**2 + x + 2. Determine l(2).
-24
Let g(u) = 11*u - 59. Determine g(5).
-4
Let x(g) = -g**3 - 18*g**2 + 19*g + 40. Calculate x(-19).
40
Let r(h) = -h**2 + 3*h + 32. Calculate r(-5).
-8
Let a(i) = -4*i - 28. Determine a(-6).
-4
Let b(r) = 8*r - 12. Calculate b(-9).
-84
Let j(d) = -d**3 - 15*d**2 + 19*d - 6. What is j(-16)?
-54
Let d(n) = 3*n - 58. Determine d(18).
-4
Let j(d) = -3*d**2 + 36*d - 6. Determine j(12).
-6
Let m(d) = -3*d + 11. What is m(2)?
5
Let p(l) = -5*l + 16. What is p(-21)?
121
Let n(u) = u**3 + 33*u**2 - 2*u - 68. Determine n(-33).
-2
Let w(g) = -6*g**2 - 2*g - 1. What is w(-3)?
-49
Let l(d) = 10*d - 4. Calculate l(2).
16
Let a(z) = -z**3 - 14*z**2 + 7. Determine a(-14).
7
Let r(b) = b**2 + 2*b - 4. Give r(2).
4
Let y(i) = -i + 4. What is y(7)?
-3
Let y(b) = -21*b + 100. What is y(5)?
-5
Let r(y) = -y + 5. Determine r(-3).
8
Let d(g) = 8*g - 14. Determine d(-2).
-30
Let n(h) = 8*h + 366. What is n(-44)?
14
Let o(q) = -q**3 - 3*q**2 - q - 1. Give o(-2).
-3
Let c(l) = -2*l + 8. Determine c(6).
-4
Let k(q) = 7*q - 51. Determine k(5).
-16
Let t(d) = d. Give t(0).
0
Let n(s) = -s + 40. Calculate n(0).
40
Let l(h) = 157*h. Calculate l(0).
0
Let w(l) = 47*l + 1. Determine w(-1).
-46
Let h(s) = -14*s**3 - 8*s**2 - 9*s - 2. Determine h(-1).
13
Let o(u) = -4*u**2 - 2*u - 1. Calculate o(-1).
-3
Let v(k) = k + 11. Determine v(-6).
5
Let x(o) = -o - 7. What is x(6)?
-13
Let f(s) = s**3 + 10*s**2 - 10*s + 6. Give f(-11).
-5
Let g(w) = -w**2 + 4*w + 21. Give g(6).
9
Let m(y) = -3*y + 39. What is m(9)?
12
Let g(s) = s**3 + 25*s**2 - s - 17. Determine g(-25).
8
Let a(o) = o**2 - 3*o + 10. What is a(6)?
28
Let y(b) = -3*b - 6. What is y(1)?
-9
Let u(a) = 7*a - 71. Calculate u(7).
-22
Let j(b) = 3*b**2 + 5*b - 19. Determine j(3).
23
Let p(s) = s - 13. Determine p(6).
-7
Let j(v) = 23*v - 2. Give j(-1).
-25
Let b(v) = v**2 + 5*v. What is b(-4)?
-4
Let a(h) = 3*h + 46. What is a(-16)?
-2
Let w(i) = i**2 + 3*i - 30. Determine w(-8).
10
Let v(n) = 5*n - 174. Determine v(33).
-9
Let y(i) = 2*i**2 + 10*i + 17. What is y(-7)?
45
Let b(x) = -x**3 - 21*x**2 - 23*x - 63. Calculate b(-20).
-3
Let f(o) = o - 16. Calculate f(10).
-6
Let y(j) = 4*j**2 - 32*j + 14. Determine y(7).
-14
Let y(i) = -i - 35. Determine y(0).
-35
Let m(d) = d**3 - 10*d**2 + 6*d + 5. Determine m(9).
-22
Let m(i) = i**2 - 15*i - 34. Give m(17).
0
Let k(h) = 2*h**2 - 42*h + 50. Determine k(20).
10
Let r(o) = o**3 + 7*o**2 - 2*o + 48. Give r(-8).
0
Let j(z) = z**3 - 10*z**2 - 2. What is j(10)?
-2
Let f(l) = -l**2 + 54*l - 468. What is f(11)?
5
Let z(l) = -60*l + 299. Give z(5).
-1
Let s(b) = b**2 + 68*b + 588. Give s(-58).
8
Let p(d) = -13*d**2 - d - 1. What is p(-1)?
-13
Let t(s) = -12*s + 115. Give t(10).
-5
Let w(l) = l**3 - 6*l**2 + 7*l - 6. Calculate w(7).
92
Let i(q) = q**3 + 8*q**2 + 6*q - 1. Give i(-5).
44
Let b(r) = 18*r - 28. Give b(5).
62
Let g(k) = -10*k - 5. Calculate g(-4).
35
Let t(s) = 5*s - 33. Give t(7).
2
Let t(q) = q**3 - q**2 - 8*q + 2. Determine t(-4).
-46
Let y(t) = -t**2 + 2*t - 16. What is y(7)?
-51
Let j(p) = -4*p**2 - 64*p. Calculate j(-16).
0
Let a(j) = -j**3 + 12*j**2 - 7*j + 6. What is a(11)?
50
Let d(w) = 3*w**2 - 2*w - 12. Determine d(-3).
21
Let m(j) = 14*j - 9. Calculate m(-6).
-93
Let i(r) = -r**3 - 14*r**2 + 19*r + 37. What is i(-15)?
-23
Let t(s) = 4*s + 18. Determine t(-4).
2
Let b(a) = 4*a - 9. Calculate b(7).
19
Let b(n) = 2*n + 22. Calculate b(-9).
4
Let o(f) = 24*f - 867.